e 6 - (0 + -1 + 4 + -7).
10
Calculate (-37 - -23) + 2 + 9.
-3
What is (6 - (3 - -2) - -5) + -7 + -6?
-7
What is the value of 10 + -3 + -5 + 10 + -6 + 4?
10
-1 + 10 + 4 + -4 + -3 + -10
-4
Evaluate (3 - 10) + (15 - -4) + -22.
-10
What is 12 + (0 + 2 + -2 - (14 - 11))?
9
Evaluate 0 - 8 - (-18 - -15 - 3).
-2
Calculate -3 - ((16 - -25) + -29).
-15
What is the value of -5 - (2 + -18 - -12) - (2 - -8)?
-11
Calculate (1 - (-1 - -30)) + (-14 - -11) + 13.
-18
0 + 28 + (-53 - -34)
9
Calculate -1 + (5 + 0 - (40 - 33)) + 9.
6
What is the value of -3 - (5 + 4) - (4 + -5 + 8)?
-19
-103 + 86 - (-1 - 3)
-13
What is -3 + (2 - 4) + -17 - (-15 + 24)?
-31
What is 2 + (1 + (0 - 4) - -6) - 6?
-1
What is the value of (5 - (4 + -2)) + (-12 - 11)?
-20
What is the value of -8 + (-6 - -6 - -9 - -9) + -8?
2
Calculate 23 + (0 - 8 - (16 + -18 - -2)).
15
-11 - (60 + -51 - (13 + 0 + -3))
-10
Evaluate 13 + (-6 - -36) + -10 - (0 - -8).
25
What is the value of 9 - (35 - ((16 - 0) + -6))?
-16
Evaluate (2 + 1 - -21) + -12 + 2 + 7.
21
Evaluate -44 - -52 - (-3 + -3) - 0.
14
Evaluate (-3 - (-13 + 18 - 6)) + 12.
10
What is (10 - 73 - -33) + 37?
7
Evaluate -12 + 26 + (11 - 1) + -13.
11
What is -17 + (3 + -6 - 0) - (5 - 1)?
-24
Evaluate (-6 - 3 - -28) + -24.
-5
What is the value of 5 - 0 - (-9 - (4 + -4 + 5))?
19
What is -5 + 8 + -3 + -5 + (-31 - -42)?
6
Evaluate (-10 - 1) + (-73 - -44 - -20).
-20
What is -8 + (11 - (-2 - -3 - 4) - 2)?
4
What is 2946 + -2947 - (1 - 0 - -12)?
-14
Calculate -7 + 0 - (2 + (10 - -4)).
-23
What is the value of (3 - (27 - (-2 - -3))) + (-66 - -66)?
-23
Evaluate 25 + (-39 - -7) - -17.
10
Calculate -2 + -2 + 71 + -72 + 1.
-4
Evaluate 5 + (-3 - (-12 + 10 + -1) - 5).
0
What is 5 - (2 + (0 - 3) + -2 - -8)?
0
What is the value of -18 + (-32 - -20) + 18?
-12
(6 - (0 + 7)) + -16 + -14 + 13
-18
Evaluate -76 - -41 - (2 + -28).
-9
Calculate 18 - -10 - 9 - 13.
6
Calculate -19 + 40 + 12 + -11.
22
Calculate (2 - (7 + 4 + -3)) + 16.
10
Calculate (-26 - (0 + -37)) + -2.
9
Calculate -17 + 3 + 4 - (60 - 49).
-21
(4 - -11 - (8 - 9)) + 3
19
What is -2 + 0 + (44 - 37 - (-14 + -5))?
24
What is the value of 17 - 22 - (2 + -6 + 0 + -1)?
0
What is -3 + -2 - (-21 - (-15 - (-8 - -2)))?
7
Calculate (2 - (-4 + 8) - -6) + (1 - -4).
9
What is the value of (-1 - 1) + (241 - 229 - (2 - -4))?
4
Calculate -4 + -1 + (-42 - -46 - (2 + -13)).
10
What is the value of (-37 - -1) + 48 + 1?
13
(-617 - -615) + 1 + -1
-2
5 - (3 + 9) - (3 + -3 - 1)
-6
-8 - (-1 - (22 + 12 + -25))
2
What is -6 + 5 + 9 - (5 + 8)?
-5
What is -2 + 4 - (-13 - (-67 - -32))?
-20
4 - (4 - 23) - 15
8
Calculate (2 - -1) + (0 - -1 - 0) - 5.
-1
What is 445 + -445 - ((-2 - -2) + 17)?
-17
What is -7 + (20 - (8 + -7))?
12
4 - (1 - (7 + 0 + 6 + -8))
8
Evaluate (4 - -8) + 0 + -8.
4
What is 54 + -57 + -2 + (6 - -31)?
32
What is -20 - (0 + -5 + 0 - (-11 + 8))?
-18
Calculate (-4 - -3) + 1 - (-12 - -8) - 5.
-1
-1 + 9 + ((12 - 7) + -12 - -6)
7
Calculate -4 + -14 + (45 - 32).
-5
What is the value of -1 - 0 - (2 - (-8 - -9) - -4)?
-6
What is the value of (-18 + -15 - (2 + 0)) + 77 + -67?
-25
What is (10 - 25) + (-7 - -10) + -3?
-15
What is (-19 - (-49 + 39)) + (-1 - -13)?
3
-5 + (23 - -2 - (3 - 0))
17
750 + -791 - (-27 - -1)
-15
What is the value of -3 - (0 + 6 + (-13 - (3 - 13)))?
-6
What is the value of -34 - ((-74 - -2) + 36)?
2
What is the value of 7 + -2 - (0 - ((0 - 8) + -7))?
-10
Evaluate -5 + (13 - 25) + 16.
-1
What is (8 - (-3 + 13 + 17)) + (-5 - 7)?
-31
Evaluate (0 - (6 + -4 + -2 - -3)) + -15.
-18
What is -1 - (-6 + (-9 - -22))?
-8
Calculate 14 - (1 + (9 - -8)).
-4
What is the value of 14 + (4 - -11 - (29 + -17))?
17
What is the value of -18 + (11 - 0) + -7?
-14
1 - (-11 + 23) - -23
12
Calculate 13 + (1 + 6 - 16) + -6.
-2
Evaluate 1 + 7 + (-9 - -6) + 3 + -2.
6
Calculate (-7 - 3) + -1 - -6 - 4.
-9
What is 4 + 1 - (1 + -27) - (25 - 28)?
34
What is (19 - (-1 + 0)) + (-21 - -37) + -21?
15
Calculate 8 + -5 + 0 + (-2 - 0).
1
(-5 - 3) + (37 - 24)
5
Calculate 12 + -4 + -1 - 20 - (-1 + -3).
-9
Evaluate (38 - 44) + (-2 + -4 - 2).
-14
Evaluate -38 - -8 - (-6 + -15).
-9
What is -54 + 53 + (6 + (-2 - 1) - 2)?
0
Evaluate (6 - (-6 - -3)) + -12 + -1.
-4
Calculate 16 + 0 + -15 + 18 + -18.
1
Calculate (5 - 8 - 10) + 20.
7
What is the value of -2 - (-2 - -1) - (39 + -39)?
-1
What is the value of 1 + (-8 - -1 - -2) - 6?
-10
Evaluate 17 - 12 - 21 - -22.
6
Evaluate 1 + -1 + -1 - -7 - (-2063 - -2068).
1
What is the value of -6 + (-1 - (2 + -2)) + -45 + 48?
-4
Evaluate 5 + 1 + -8 - -2 - (56 - 75).
19
1 + 1 + 0 + 7 - 12
-3
Calculate 0 + 18 + 2 - 5.
15
Evaluate (10 - 3) + -2 + 16 + -13.
8
-27 + 6 - -37 - -15 - (1 + 7)
23
Calculate 8 - ((-9 + 5 - 8) + 10).
10
Calculate 6 - -10 - (-2 + 1 + -4 + 7).
14
Calculate 3 - 1 - (-7 + 4 + 1 + 4).
0
Calculate 1 - (3 + 7 + -11) - (0 + 18).
-16
Evaluate -2 + 1 + 19 + (-11 - 0) - -5.
12
-10 + (23 - (8 + 14))
-9
Calculate -1 + 10 - 50 - -23.
-18
What is the value of 0 + 0 + -13 + 15 - -13?
15
Evaluate (-9 - (24 + -4)) + 14 + -4.
-19
What is 5 - (-2 + -2 + -8 + 21)?
-4
Calculate 0 + -8 + (34 + (-3 - 14) - 10).
-1
Evaluate -9 + 2 - (45 - 46 - (1 + 0)).
-5
3 + 3 + (-6 - (0 + (-9 - -6)))
3
Calculate -20 - (-41 - -47 - 40).
14
Calculate -9 + 19 + (-7 - 8) + 0 + -8.
-13
16 + 14 - (19 + -2 - 7)
20
Evaluate -2 - (0 + 2 + -2).
-2
Evaluate -33 - -5 - (-11 - -4).
-21
Calculate 0 - (4 + -1) - (-644 - -650).
-9
What is the value of 39 + 1 + (-1 - (-4 - -18))?
25
Calculate 1 + -13 - (152 - 172).
8
What is (-150 - -145) + (-14 - -3 - -2) + 3?
-11
What is the value of -14 - (-11 - ((-7 - -3) + 3))?
-4
What is 6 + (-21 - -12) + 1 + (1 - -15)?
14
What is -7 + (-3 - (-4 - 1)) - (2 + -7)?
0
Evaluate -377 - -398 - (13 + 0).
8
What is the value of (22 - 24) + -4 + 4?
-2
Calculate 12 + -6 + -37 + 7 + -5.
-29
What is 9 - ((-8 - -18) + -31)?
30
Evaluate 97 + -97 - (-9 - (-1 - -1)).
9
25 + -33 + (17 - -2)
11
Evaluate 6 + (2 - (-2 - -5 - (-21 - -25))).
9
-14 + (3 - -1) + (4 - -10)
4
Calculate -21 + 6 - (-14 - -4) - 15.
-20
What is 0 - ((-1 - -3) + -4)?
2
What is (-19 - (-88 - -44)) + 1?
26
(6 - 1) + -116 + 102
-9
Evaluate 2 + 0 + 1 - (-54 + 30 + 54).
-27
Calculate -11 - (4 + 1 + (0 - 0) + 0).
-16
-42 - (0 - 4 - (-165 + 165))
-38
What is the value of 9 - (-7 - (-5 - -6 - 6) - -5)?
6
What is the value of 8 + (8 - (16 + -6 + 9))?
-3
Calculate 4 - 0 - 4 - (44 + -45).
1
What is the value of -19 + (25 - (-11 + -4))?
21
Calculate 35 + (-29 - -45) + -43.
8
(-6 - 1) + (-76 - -68) - (7 - 4)
-18
Calculate (-2 - (14 - 1)) + 9.
-6
What is 28 + -64 + 10 - (-3 - 2)?
-21
What is -2 + -2 + (2 + 5 - 4)?
-1
What is the value of -5 + -11 + 24 + 33 - 9?
32
6 + 3 - (-29 + 49)
-11
What is the value of (1 - (-2 - 2)) + -10 + 6?
1
What is the value of -11 - (-21 - (-9 + 8 - (8 - 8)))?
9
Calculate -7 + (-10 - -6) + (21 - -15).
25
What is 16 + -5 + -18 - -13?
6
Calculate 1 - (-11 - 7 - -14).
5
Calculate -5 - (-4 + (-2 - (-4 + 4)) + 7).
-6
(-6 - -2) + -21 + 18 - (-3 + 1)
-5
Calculate 10 - (85 + -94 - (1 + (-1 - 4))).
15
Calculate (-6 + 7 - (2 - 2)) + -3 + 1.
-1
Evaluate 18 - (-15 + (15 - (2 + -3))).
17
Calculate -67 + 62 - (3 - 32).
24
Calculate -13 + 1 - (-407 + 387).
8
What is the value of 14 + -11 + -4 + 1 + (49 - 76)?
-27
What is the value of -14 + 56 + -54 + 7 + -2?
-7
What is the value of -5 - (4 - (-23 - (-25 - -6)))?
-13
-12 + 3 + (6 - 2 - -4) + -5
-6
What is -11 + (20 - 15) + 3?
-3
Calculate 6 - (4 - 7 - -7) - (-4 - 2).
8
(-7 - (3 - (16 + -4 + -5))) + -7
-10
What is -21 + (12 - (-10 - -10))?
-9
What is the value of -3 - 7 - ((-14 - -12) + -12)?
4
What is the value of -17 - (7 - -11 - 43)?
8
Calculate -16 + -12 + (5 - -9).
-14
What is the value of (0 - (9 - -1)) + (-86 + 147 - 83)?
-32
What is the value of (23 - (4 - -19)) + -3 + 1?
-2
Calculate 279 - 274 - (-1 - -9).
-3
What is (-8 - (29 + -31 + 2 + -15)) + -18?
-11
Calculate 13 + (8 - 15 - -3).
9
What is the value of -441 + 453 + (-2 + 2 - -6)?
18
What is 96 - 127 - (-3 + (2 - (-1 + 5)))?
-26
Evaluate -2 + 8 + 1 + (-7 - -6).
6
What is the value of 4 + -17 - (-18 + 7) - -16?
14
What is -3 + -1 + -1 + 25?
20
(4 + -11 - 0) + 17 + 9
19
Calculate (-31 - -1) + (76 - (87 - 24)).
-17
Evaluate -15 - (-3 + 3 + -8) - -10.
3
What is the value of 24 - (13 + -10) - (7 + -2 + -3)?
19
What is the value of -34 + 18 + 3 - -22?
9
What